{"id":6262,"date":"2023-12-06T14:55:40","date_gmt":"2023-12-06T14:55:40","guid":{"rendered":"https:\/\/livetoride.es\/declaracio-daccesibilitat\/"},"modified":"2024-04-24T07:33:57","modified_gmt":"2024-04-24T07:33:57","slug":"declaracio-daccesibilitat","status":"publish","type":"page","link":"https:\/\/livetoride.es\/ca\/declaracio-daccesibilitat\/","title":{"rendered":"Declaraci\u00f3 d&#8217;Accesibilitat"},"content":{"rendered":"\t\t<div data-elementor-type=\"wp-page\" data-elementor-id=\"6262\" class=\"elementor elementor-6262 elementor-4049\" data-elementor-post-type=\"page\">\n\t\t\t\t<div class=\"elementor-element elementor-element-86b7dbb e-flex e-con-boxed e-con e-parent\" data-id=\"86b7dbb\" data-element_type=\"container\">\n\t\t\t\t\t<div class=\"e-con-inner\">\n\t\t\t\t<div class=\"elementor-element elementor-element-c4764dc elementor-widget elementor-widget-text-editor\" data-id=\"c4764dc\" data-element_type=\"widget\" data-widget_type=\"text-editor.default\">\n\t\t\t\t<div class=\"elementor-widget-container\">\n\t\t\t<style>\/*! elementor - v3.21.0 - 20-05-2024 *\/\n.elementor-widget-text-editor.elementor-drop-cap-view-stacked .elementor-drop-cap{background-color:#69727d;color:#fff}.elementor-widget-text-editor.elementor-drop-cap-view-framed .elementor-drop-cap{color:#69727d;border:3px solid;background-color:transparent}.elementor-widget-text-editor:not(.elementor-drop-cap-view-default) .elementor-drop-cap{margin-top:8px}.elementor-widget-text-editor:not(.elementor-drop-cap-view-default) .elementor-drop-cap-letter{width:1em;height:1em}.elementor-widget-text-editor .elementor-drop-cap{float:left;text-align:center;line-height:1;font-size:50px}.elementor-widget-text-editor .elementor-drop-cap-letter{display:inline-block}<\/style>\t\t\t\t<p>Live to Ride s&#8217;ha comprom\u00e8s a fer accessible el seu lloc web de conformitat amb el Reial decret 1112\/2018, de 7 de setembre, sobre accessibilitat dels llocs web i aplicacions per a dispositius m\u00f2bils del sector p\u00fablic (d&#8217;ara endavant, RD 1112\/2018, de 7 de setembre).<\/p>\n<p>La present declaraci\u00f3 d&#8217;accessibilitat s&#8217;aplica al lloc web https:\/\/livetoride.es\/, excloent els continguts incrustats provinents d&#8217;altres dominis.<\/p>\n<p><strong>SITUACI\u00d3 DE COMPLIMENT<\/strong><\/p>\n<p>Aquest lloc web \u00e9s parcialment conforme amb l&#8217;RD 1112\/2018, de 7 de setembre, a causa de les excepcions i a la falta de conformitat dels aspectes que s&#8217;indiquen a continuaci\u00f3.<\/p>\n<p><strong>CONTINGUT NO ACCESSIBLE<\/strong><\/p>\n<p>El contingut que es recull a continuaci\u00f3 no \u00e9s accessible pel seg\u00fcent:<\/p>\n<p>1.- Falta de conformitat amb RD 1112\/2018:<\/p>\n<p>Pel fet que s&#8217;utilitza un gestor de continguts i existeixen diferents usuaris actualitzant i creant continguts nous, podrien existir fallades puntuals d&#8217;edici\u00f3 en alguna p\u00e0gina web, tant en continguts HTML com en documents finals. No obstant aix\u00f2, existeix el comprom\u00eds de revisi\u00f3 peri\u00f2dica i de solucionar els problemes notificats pels usuaris.<\/p>\n<p>Pot haver contingut extern, com els components de Facebook, Twitter, YouTube o Google Maps, que no compleixen completament amb els criteris d&#8217;accessibilitat.<\/p>\n<p>Pot haver-hi alguna p\u00e0gina on part del contingut pot presentar-se amb p\u00e8rdua d&#8217;informaci\u00f3 o funcionalitat, necessitant fer scroll en dues dimensions wpcodeself. wpcodeself. [criterio de \u00e9xito 1.4.10] [criteri d\u2019\u00e8xit 1.4.10]\n<p>2. C\u00e0rrega desproporcionada: No aplica<\/p>\n<p>3.- El contingut no entra dins de l&#8217;\u00e0mbit de la legislaci\u00f3 aplicable: podrien existir arxius ofim\u00e0tics en PDF o altres formats publicats abans del 20 de setembre de 2018 que no compleixin \u00edntegrament tots els requisits d&#8217;accessibilitat.<\/p>\n<p><strong>PREPARACI\u00d3 DE LA PRESENT DECLARACI\u00d3 D&#8217;ACCESSIBILITAT<\/strong><\/p>\n<p>La present declaraci\u00f3 va ser preparada el 23 d&#8217;octubre de 2023.<\/p>\n<p>El m\u00e8tode emprat per a preparar la declaraci\u00f3 ha estat una autoavaluaci\u00f3 duta a terme pel responsable d&#8217;accessibilitat.<\/p>\n<p>\u00daltima revisi\u00f3 de la declaraci\u00f3: 23 d&#8217;octubre de 2023.<\/p>\n<p><strong>OBSERVACIONS I DADES DE CONTACTE<\/strong><\/p>\n<p>Pot realitzar comunicacions sobre requisits d&#8217;accessibilitat (article 10.2.a) del Reial decret 1112\/2018, de 7 de setembre) com, per exemple:<\/p>\n<p>Informar sobre qualsevol possible incompliment per part d&#8217;aquest lloc web.<\/p>\n<p>Transmetre altres dificultats d&#8217;acc\u00e9s al contingut.<\/p>\n<p>Formular qualsevol altra consulta o suggeriment de millora relativa a l&#8217;accessibilitat del lloc web.<\/p>\n<p>Utilitzant les seg\u00fcents vies:<\/p>\n<p>Formulari de contacte de la p\u00e0gina web<\/p>\n<p>Correu electr\u00f2nic: hola@livetoride.es<\/p>\n<p>Tel\u00e8fon: 649 20 38 14<\/p>\n<p><strong>PROCEDIMENT D&#8217;APLICACI\u00d3<\/strong><\/p>\n<p>A trav\u00e9s d&#8217;aquest procediment podr\u00e0 iniciar una reclamaci\u00f3 per a con\u00e8ixer i oposar-se als motius de la desestimaci\u00f3 d&#8217;una sol\u00b7licitud d&#8217;informaci\u00f3 accessible o queixa, instar l&#8217;adopci\u00f3 de les mesures oportunes en el cas de no estar d&#8217;acord amb la decisi\u00f3 adoptada, o exposar les raons per les quals es considera que la resposta no compleix amb els requisits exigits.<\/p>\n<p><a href=\"https:\/\/livetoride.es\/contacte\/\">Formulari de contacte<\/a><\/p>\n<p><strong>CONTINGUT OPCIONAL<\/strong><\/p>\n<p>La versi\u00f3 actualment visible d&#8217;aquest lloc web \u00e9s d&#8217;octubre de 2023.<\/p>\n<p>A partir d&#8217;aquesta data es duen a terme revisions parcials dels continguts, tant de les plantilles com de les p\u00e0gines i documents finals publicats, a fi d&#8217;assegurar el compliment dels requeriments d&#8217;accessibilitat que actualment s\u00f3n els d&#8217;i AA de la norma WCAG 2.1, considerant les excepcions del Reial decret 1112\/2018, de 7 de setembre.<\/p>\n<p><strong>GRAND\u00c0RIA DEL TEXT<\/strong><\/p>\n<p>A fi de prestar un millor servei, Live to Ride emmagatzema en l&#8217;ordinador de l&#8217;Usuari petits fitxers d&#8217;informaci\u00f3 denominats cookies. Per a m\u00e9s informaci\u00f3 sobre les cookies i la seva configuraci\u00f3 accedeixi a la nostra Pol\u00edtica de Cookies.<\/p>\n<p>Google Chrome \/ Edge: Obrir men\u00fa &gt; Zoom<\/p>\n<p>Mozilla Firefox: Obrir men\u00fa &gt; Tamany<\/p>\n<p>Internet Explorer: Veure &gt; Tamany de text &gt; Gran o Molt Gran<\/p>\n<p>Opera: View &gt; Zoom &gt; %<\/p>\n<p>Safari: View &gt; Make text bigger<\/p>\n\t\t\t\t\t\t<\/div>\n\t\t\t\t<\/div>\n\t\t\t\t\t<\/div>\n\t\t\t\t<\/div>\n\t\t\t\t<\/div>\n\t\t","protected":false},"excerpt":{"rendered":"<p>Live to Ride s&#8217;ha comprom\u00e8s a fer accessible el seu lloc web de conformitat amb el Reial decret 1112\/2018, de 7 de setembre, sobre accessibilitat dels llocs web i aplicacions per a dispositius m\u00f2bils del sector p\u00fablic (d&#8217;ara endavant, RD 1112\/2018, de 7 de setembre). La present declaraci\u00f3 d&#8217;accessibilitat s&#8217;aplica al lloc web https:\/\/livetoride.es\/, excloent [&hellip;]<\/p>\n","protected":false},"author":1,"featured_media":0,"parent":0,"menu_order":0,"comment_status":"closed","ping_status":"closed","template":"","meta":{"footnotes":""},"class_list":["post-6262","page","type-page","status-publish","hentry"],"yoast_head":"<!-- This site is optimized with the Yoast SEO plugin v22.7 - https:\/\/yoast.com\/wordpress\/plugins\/seo\/ -->\n<title>Declaraci\u00f3 d&#039;Accesibilitat - Live to Ride<\/title>\n<meta name=\"robots\" content=\"index, follow, max-snippet:-1, max-image-preview:large, max-video-preview:-1\" \/>\n<link rel=\"canonical\" href=\"https:\/\/livetoride.es\/ca\/declaracio-daccesibilitat\/\" \/>\n<meta property=\"og:locale\" content=\"ca_ES\" \/>\n<meta property=\"og:type\" content=\"article\" \/>\n<meta property=\"og:title\" content=\"Declaraci\u00f3 d&#039;Accesibilitat - Live to Ride\" \/>\n<meta property=\"og:description\" content=\"Live to Ride s&#8217;ha comprom\u00e8s a fer accessible el seu lloc web de conformitat amb el Reial decret 1112\/2018, de 7 de setembre, sobre accessibilitat dels llocs web i aplicacions per a dispositius m\u00f2bils del sector p\u00fablic (d&#8217;ara endavant, RD 1112\/2018, de 7 de setembre). La present declaraci\u00f3 d&#8217;accessibilitat s&#8217;aplica al lloc web https:\/\/livetoride.es\/, excloent [&hellip;]\" \/>\n<meta property=\"og:url\" content=\"https:\/\/livetoride.es\/ca\/declaracio-daccesibilitat\/\" \/>\n<meta property=\"og:site_name\" content=\"Live to Ride\" \/>\n<meta property=\"article:modified_time\" content=\"2024-04-24T07:33:57+00:00\" \/>\n<meta name=\"twitter:card\" content=\"summary_large_image\" \/>\n<meta name=\"twitter:label1\" content=\"Temps estimat de lectura\" \/>\n\t<meta name=\"twitter:data1\" content=\"3 minuts\" \/>\n<script type=\"application\/ld+json\" class=\"yoast-schema-graph\">{\"@context\":\"https:\/\/schema.org\",\"@graph\":[{\"@type\":\"WebPage\",\"@id\":\"https:\/\/livetoride.es\/ca\/declaracio-daccesibilitat\/\",\"url\":\"https:\/\/livetoride.es\/ca\/declaracio-daccesibilitat\/\",\"name\":\"Declaraci\u00f3 d'Accesibilitat - Live to Ride\",\"isPartOf\":{\"@id\":\"https:\/\/livetoride.es\/ca\/#website\"},\"datePublished\":\"2023-12-06T14:55:40+00:00\",\"dateModified\":\"2024-04-24T07:33:57+00:00\",\"breadcrumb\":{\"@id\":\"https:\/\/livetoride.es\/ca\/declaracio-daccesibilitat\/#breadcrumb\"},\"inLanguage\":\"ca\",\"potentialAction\":[{\"@type\":\"ReadAction\",\"target\":[\"https:\/\/livetoride.es\/ca\/declaracio-daccesibilitat\/\"]}]},{\"@type\":\"BreadcrumbList\",\"@id\":\"https:\/\/livetoride.es\/ca\/declaracio-daccesibilitat\/#breadcrumb\",\"itemListElement\":[{\"@type\":\"ListItem\",\"position\":1,\"name\":\"Portada\",\"item\":\"https:\/\/livetoride.es\/ca\/\"},{\"@type\":\"ListItem\",\"position\":2,\"name\":\"Declaraci\u00f3 d&#8217;Accesibilitat\"}]},{\"@type\":\"WebSite\",\"@id\":\"https:\/\/livetoride.es\/ca\/#website\",\"url\":\"https:\/\/livetoride.es\/ca\/\",\"name\":\"Live to Ride\",\"description\":\"My WordPress Blog\",\"potentialAction\":[{\"@type\":\"SearchAction\",\"target\":{\"@type\":\"EntryPoint\",\"urlTemplate\":\"https:\/\/livetoride.es\/ca\/?s={search_term_string}\"},\"query-input\":\"required name=search_term_string\"}],\"inLanguage\":\"ca\"}]}<\/script>\n<!-- \/ Yoast SEO plugin. -->","yoast_head_json":{"title":"Declaraci\u00f3 d'Accesibilitat - Live to Ride","robots":{"index":"index","follow":"follow","max-snippet":"max-snippet:-1","max-image-preview":"max-image-preview:large","max-video-preview":"max-video-preview:-1"},"canonical":"https:\/\/livetoride.es\/ca\/declaracio-daccesibilitat\/","og_locale":"ca_ES","og_type":"article","og_title":"Declaraci\u00f3 d'Accesibilitat - Live to Ride","og_description":"Live to Ride s&#8217;ha comprom\u00e8s a fer accessible el seu lloc web de conformitat amb el Reial decret 1112\/2018, de 7 de setembre, sobre accessibilitat dels llocs web i aplicacions per a dispositius m\u00f2bils del sector p\u00fablic (d&#8217;ara endavant, RD 1112\/2018, de 7 de setembre). La present declaraci\u00f3 d&#8217;accessibilitat s&#8217;aplica al lloc web https:\/\/livetoride.es\/, excloent [&hellip;]","og_url":"https:\/\/livetoride.es\/ca\/declaracio-daccesibilitat\/","og_site_name":"Live to Ride","article_modified_time":"2024-04-24T07:33:57+00:00","twitter_card":"summary_large_image","twitter_misc":{"Temps estimat de lectura":"3 minuts"},"schema":{"@context":"https:\/\/schema.org","@graph":[{"@type":"WebPage","@id":"https:\/\/livetoride.es\/ca\/declaracio-daccesibilitat\/","url":"https:\/\/livetoride.es\/ca\/declaracio-daccesibilitat\/","name":"Declaraci\u00f3 d'Accesibilitat - Live to Ride","isPartOf":{"@id":"https:\/\/livetoride.es\/ca\/#website"},"datePublished":"2023-12-06T14:55:40+00:00","dateModified":"2024-04-24T07:33:57+00:00","breadcrumb":{"@id":"https:\/\/livetoride.es\/ca\/declaracio-daccesibilitat\/#breadcrumb"},"inLanguage":"ca","potentialAction":[{"@type":"ReadAction","target":["https:\/\/livetoride.es\/ca\/declaracio-daccesibilitat\/"]}]},{"@type":"BreadcrumbList","@id":"https:\/\/livetoride.es\/ca\/declaracio-daccesibilitat\/#breadcrumb","itemListElement":[{"@type":"ListItem","position":1,"name":"Portada","item":"https:\/\/livetoride.es\/ca\/"},{"@type":"ListItem","position":2,"name":"Declaraci\u00f3 d&#8217;Accesibilitat"}]},{"@type":"WebSite","@id":"https:\/\/livetoride.es\/ca\/#website","url":"https:\/\/livetoride.es\/ca\/","name":"Live to Ride","description":"My WordPress Blog","potentialAction":[{"@type":"SearchAction","target":{"@type":"EntryPoint","urlTemplate":"https:\/\/livetoride.es\/ca\/?s={search_term_string}"},"query-input":"required name=search_term_string"}],"inLanguage":"ca"}]}},"_links":{"self":[{"href":"https:\/\/livetoride.es\/ca\/wp-json\/wp\/v2\/pages\/6262","targetHints":{"allow":["GET"]}}],"collection":[{"href":"https:\/\/livetoride.es\/ca\/wp-json\/wp\/v2\/pages"}],"about":[{"href":"https:\/\/livetoride.es\/ca\/wp-json\/wp\/v2\/types\/page"}],"author":[{"embeddable":true,"href":"https:\/\/livetoride.es\/ca\/wp-json\/wp\/v2\/users\/1"}],"replies":[{"embeddable":true,"href":"https:\/\/livetoride.es\/ca\/wp-json\/wp\/v2\/comments?post=6262"}],"version-history":[{"count":1,"href":"https:\/\/livetoride.es\/ca\/wp-json\/wp\/v2\/pages\/6262\/revisions"}],"predecessor-version":[{"id":6263,"href":"https:\/\/livetoride.es\/ca\/wp-json\/wp\/v2\/pages\/6262\/revisions\/6263"}],"wp:attachment":[{"href":"https:\/\/livetoride.es\/ca\/wp-json\/wp\/v2\/media?parent=6262"}],"curies":[{"name":"wp","href":"https:\/\/api.w.org\/{rel}","templated":true}]}}

Declaració d&#8217;Accesibilitat

<div data-elementor-type="wp-page" data-elementor-id="6262" class="elementor elementor-6262 elementor-4049" data-elementor-post-type="page">
				<div class="elementor-element elementor-element-86b7dbb e-flex e-con-boxed e-con e-parent" data-id="86b7dbb" data-element_type="container">
					<div class="e-con-inner">
				<div class="elementor-element elementor-element-c4764dc elementor-widget elementor-widget-text-editor" data-id="c4764dc" data-element_type="widget" data-widget_type="text-editor.default">
				<div class="elementor-widget-container">
			<style>/*! elementor - v3.21.0 - 20-05-2024 */
.elementor-widget-text-editor.elementor-drop-cap-view-stacked .elementor-drop-cap{background-color:#69727d;color:#fff}.elementor-widget-text-editor.elementor-drop-cap-view-framed .elementor-drop-cap{color:#69727d;border:3px solid;background-color:transparent}.elementor-widget-text-editor:not(.elementor-drop-cap-view-default) .elementor-drop-cap{margin-top:8px}.elementor-widget-text-editor:not(.elementor-drop-cap-view-default) .elementor-drop-cap-letter{width:1em;height:1em}.elementor-widget-text-editor .elementor-drop-cap{float:left;text-align:center;line-height:1;font-size:50px}.elementor-widget-text-editor .elementor-drop-cap-letter{display:inline-block}</style>				<p>Live to Ride s&#8217;ha compromès a fer accessible el seu lloc web de conformitat amb el Reial decret 1112/2018, de 7 de setembre, sobre accessibilitat dels llocs web i aplicacions per a dispositius mòbils del sector públic (d&#8217;ara endavant, RD 1112/2018, de 7 de setembre).</p>
<p>La present declaració d&#8217;accessibilitat s&#8217;aplica al lloc web https://livetoride.es/, excloent els continguts incrustats provinents d&#8217;altres dominis.</p>
<p><strong>SITUACIÓ DE COMPLIMENT</strong></p>
<p>Aquest lloc web és parcialment conforme amb l&#8217;RD 1112/2018, de 7 de setembre, a causa de les excepcions i a la falta de conformitat dels aspectes que s&#8217;indiquen a continuació.</p>
<p><strong>CONTINGUT NO ACCESSIBLE</strong></p>
<p>El contingut que es recull a continuació no és accessible pel següent:</p>
<p>1.- Falta de conformitat amb RD 1112/2018:</p>
<p>Pel fet que s&#8217;utilitza un gestor de continguts i existeixen diferents usuaris actualitzant i creant continguts nous, podrien existir fallades puntuals d&#8217;edició en alguna pàgina web, tant en continguts HTML com en documents finals. No obstant això, existeix el compromís de revisió periòdica i de solucionar els problemes notificats pels usuaris.</p>
<p>Pot haver contingut extern, com els components de Facebook, Twitter, YouTube o Google Maps, que no compleixen completament amb els criteris d&#8217;accessibilitat.</p>
<p>Pot haver-hi alguna pàgina on part del contingut pot presentar-se amb pèrdua d&#8217;informació o funcionalitat, necessitant fer scroll en dues dimensions wpcodeself. wpcodeself. [criterio de éxito 1.4.10] [criteri d’èxit 1.4.10]
<p>2. Càrrega desproporcionada: No aplica</p>
<p>3.- El contingut no entra dins de l&#8217;àmbit de la legislació aplicable: podrien existir arxius ofimàtics en PDF o altres formats publicats abans del 20 de setembre de 2018 que no compleixin íntegrament tots els requisits d&#8217;accessibilitat.</p>
<p><strong>PREPARACIÓ DE LA PRESENT DECLARACIÓ D&#8217;ACCESSIBILITAT</strong></p>
<p>La present declaració va ser preparada el 23 d&#8217;octubre de 2023.</p>
<p>El mètode emprat per a preparar la declaració ha estat una autoavaluació duta a terme pel responsable d&#8217;accessibilitat.</p>
<p>Última revisió de la declaració: 23 d&#8217;octubre de 2023.</p>
<p><strong>OBSERVACIONS I DADES DE CONTACTE</strong></p>
<p>Pot realitzar comunicacions sobre requisits d&#8217;accessibilitat (article 10.2.a) del Reial decret 1112/2018, de 7 de setembre) com, per exemple:</p>
<p>Informar sobre qualsevol possible incompliment per part d&#8217;aquest lloc web.</p>
<p>Transmetre altres dificultats d&#8217;accés al contingut.</p>
<p>Formular qualsevol altra consulta o suggeriment de millora relativa a l&#8217;accessibilitat del lloc web.</p>
<p>Utilitzant les següents vies:</p>
<p>Formulari de contacte de la pàgina web</p>
<p>Correu electrònic: hola@livetoride.es</p>
<p>Telèfon: 649 20 38 14</p>
<p><strong>PROCEDIMENT D&#8217;APLICACIÓ</strong></p>
<p>A través d&#8217;aquest procediment podrà iniciar una reclamació per a conèixer i oposar-se als motius de la desestimació d&#8217;una sol·licitud d&#8217;informació accessible o queixa, instar l&#8217;adopció de les mesures oportunes en el cas de no estar d&#8217;acord amb la decisió adoptada, o exposar les raons per les quals es considera que la resposta no compleix amb els requisits exigits.</p>
<p><a href="https://livetoride.es/contacte/">Formulari de contacte</a></p>
<p><strong>CONTINGUT OPCIONAL</strong></p>
<p>La versió actualment visible d&#8217;aquest lloc web és d&#8217;octubre de 2023.</p>
<p>A partir d&#8217;aquesta data es duen a terme revisions parcials dels continguts, tant de les plantilles com de les pàgines i documents finals publicats, a fi d&#8217;assegurar el compliment dels requeriments d&#8217;accessibilitat que actualment són els d&#8217;i AA de la norma WCAG 2.1, considerant les excepcions del Reial decret 1112/2018, de 7 de setembre.</p>
<p><strong>GRANDÀRIA DEL TEXT</strong></p>
<p>A fi de prestar un millor servei, Live to Ride emmagatzema en l&#8217;ordinador de l&#8217;Usuari petits fitxers d&#8217;informació denominats cookies. Per a més informació sobre les cookies i la seva configuració accedeixi a la nostra Política de Cookies.</p>
<p>Google Chrome / Edge: Obrir menú &gt; Zoom</p>
<p>Mozilla Firefox: Obrir menú &gt; Tamany</p>
<p>Internet Explorer: Veure &gt; Tamany de text &gt; Gran o Molt Gran</p>
<p>Opera: View &gt; Zoom &gt; %</p>
<p>Safari: View &gt; Make text bigger</p>
						</div>
				</div>
					</div>
				</div>
				</div>

<p>Live to Ride s&#8217;ha compromès a fer accessible el seu lloc web de conformitat amb el Reial decret 1112/2018, de 7 de setembre, sobre accessibilitat dels llocs web i aplicacions per a dispositius mòbils del sector públic (d&#8217;ara endavant, RD 1112/2018, de 7 de setembre). La present declaració d&#8217;accessibilitat s&#8217;aplica al lloc web https://livetoride.es/, excloent [&hellip;]</p>

<!-- This site is optimized with the Yoast SEO plugin v22.7 - https://yoast.com/wordpress/plugins/seo/ -->
<title>Declaració d&#039;Accesibilitat - Live to Ride</title>
<meta name="robots" content="index, follow, max-snippet:-1, max-image-preview:large, max-video-preview:-1" />
<link rel="canonical" href="https://livetoride.es/ca/declaracio-daccesibilitat/" />
<meta property="og:locale" content="ca_ES" />
<meta property="og:type" content="article" />
<meta property="og:title" content="Declaració d&#039;Accesibilitat - Live to Ride" />
<meta property="og:description" content="Live to Ride s&#8217;ha compromès a fer accessible el seu lloc web de conformitat amb el Reial decret 1112/2018, de 7 de setembre, sobre accessibilitat dels llocs web i aplicacions per a dispositius mòbils del sector públic (d&#8217;ara endavant, RD 1112/2018, de 7 de setembre). La present declaració d&#8217;accessibilitat s&#8217;aplica al lloc web https://livetoride.es/, excloent [&hellip;]" />
<meta property="og:url" content="https://livetoride.es/ca/declaracio-daccesibilitat/" />
<meta property="og:site_name" content="Live to Ride" />
<meta property="article:modified_time" content="2024-04-24T07:33:57+00:00" />
<meta name="twitter:card" content="summary_large_image" />
<meta name="twitter:label1" content="Temps estimat de lectura" />
	<meta name="twitter:data1" content="3 minuts" />
<script type="application/ld+json" class="yoast-schema-graph">{"@context":"https://schema.org","@graph":[{"@type":"WebPage","@id":"https://livetoride.es/ca/declaracio-daccesibilitat/","url":"https://livetoride.es/ca/declaracio-daccesibilitat/","name":"Declaració d'Accesibilitat - Live to Ride","isPartOf":{"@id":"https://livetoride.es/ca/#website"},"datePublished":"2023-12-06T14:55:40+00:00","dateModified":"2024-04-24T07:33:57+00:00","breadcrumb":{"@id":"https://livetoride.es/ca/declaracio-daccesibilitat/#breadcrumb"},"inLanguage":"ca","potentialAction":[{"@type":"ReadAction","target":["https://livetoride.es/ca/declaracio-daccesibilitat/"]}]},{"@type":"BreadcrumbList","@id":"https://livetoride.es/ca/declaracio-daccesibilitat/#breadcrumb","itemListElement":[{"@type":"ListItem","position":1,"name":"Portada","item":"https://livetoride.es/ca/"},{"@type":"ListItem","position":2,"name":"Declaració d&#8217;Accesibilitat"}]},{"@type":"WebSite","@id":"https://livetoride.es/ca/#website","url":"https://livetoride.es/ca/","name":"Live to Ride","description":"My WordPress Blog","potentialAction":[{"@type":"SearchAction","target":{"@type":"EntryPoint","urlTemplate":"https://livetoride.es/ca/?s={search_term_string}"},"query-input":"required name=search_term_string"}],"inLanguage":"ca"}]}</script>
<!-- / Yoast SEO plugin. -->

Declaració d'Accesibilitat - Live to Ride

Live to Ride s&#8217;ha compromès a fer accessible el seu lloc web de conformitat amb el Reial decret 1112/2018, de 7 de setembre, sobre accessibilitat dels llocs web i aplicacions per a dispositius mòbils del sector públic (d&#8217;ara endavant, RD 1112/2018, de 7 de setembre). La present declaració d&#8217;accessibilitat s&#8217;aplica al lloc web https://livetoride.es/, excloent [&hellip;]
